2*k**2 + k + 8. Calculate x(j).
53
Let s(y) = -3*y + 0*y - y**3 - 2*y**2 - y**2 - 4. Let r be 526 - 519 - (12 - (0 + 1)). What is s(r)?
24
Let i(v) = -5*v**2 - 7*v - 3. Let u be 14/(-8) + ((-6)/(-9))/(24/27). Determine i(u).
-1
Suppose -3*k - 24 = -0*k. Let v(z) = 5*z**3 - 270 + 138 + 138 - 4*z**3 - 7*z + 7*z**2. Determine v(k).
-2
Let v(h) = -2*h**2 - 11*h - 3. Let k be (-3 + 4)*(-1 + -1). Give v(k).
11
Suppose -8*g + 7 = -7*g - 4*w, -g + 1 = 2*w. Let y(i) = g - 5 + 8*i + 3 - 3 - i**2 - 3. Give y(9).
-14
Suppose 13 = d - 3*r, 10 = 2*d + 5*r + 39. Let k(i) = 8*i**3 + 2*i**2 - i. Determine k(d).
-54
Let x(t) = -8*t - 4. Let z(q) = q. Let p = -123 + 117. Let o(f) = p*z(f) - x(f). What is o(-5)?
-6
Let m(c) = -3*c - 3*c - 2 - 1. Let z(y) = -366*y**2 + y**3 - 15*y - 13*y + 22 + 355*y**2. Let l be z(13). Determine m(l).
21
Let f(g) = -g**2 + 6*g + 3. Suppose 15*b - 3*b = 2220. Suppose b*t - 159*t = 130. Calculate f(t).
8
Let y(b) be the third derivative of b**5/60 - b**4/24 - b**3/6 + 9*b**2 - 8*b. Let k(u) = -6*u - 14. Let n be k(-4). Suppose 2*x = -4 + n. Calculate y(x).
5
Let w(l) = 3*l**3 - 4*l**2 - 2*l + 6. Let q be w(1). Let u(i) = 2*i**2 + 7*i - 44. What is u(q)?
-5
Let m(a) = -20*a**3 - a**2 - 2*a - 1. Let k be (4 - 5)/(4/(-180)). Let r be k/(-30) - -1*(-2)/(-4). What is m(r)?
20
Let a(t) = -2*t - 1. Let z(u) = -40*u - 58. Let s(x) = -15*a(x) + z(x). Determine s(-5).
7
Let y be (10 + -10)/(1*2*-1). Let r be (7/(-14))/((-1)/14 + y). Let s(o) be the first derivative of o**3/3 - 3*o**2 - 14. Determine s(r).
7
Let c(d) = -30*d - 68. Let f(g) = 38*g + 71. Let v(l) = 6*c(l) + 5*f(l). Calculate v(5).
-3
Let g(o) = 8*o**3 - o**2 + 10*o - 6. Let v(l) = -21*l**3 - 29*l + 19. Let x(f) = -8*g(f) - 3*v(f). Determine x(8).
47
Let o(x) = -x**2 + 50*x - 27*x + 5 - 20*x. Let d = -66 - -73. Calculate o(d).
-23
Let q = 33 + -38. Let c(l) be the first derivative of l**4/4 + 2*l**3 + l**2/2 - 6*l + 2. What is c(q)?
14
Let w(m) = 9*m**2 - 102*m - 8. Let l(k) = 28*k**2 - 304*k - 24. Let r(q) = -3*l(q) + 10*w(q). What is r(18)?
-8
Let m(x) = -65104 + 5*x + 65137 - 20*x. Calculate m(3).
-12
Let w(i) = -6*i**2 - 7*i + 2. Let y(x) = -5*x**2 - 7*x + 3. Let u(h) = 6*w(h) - 7*y(h). Let v(g) = -5*g - 3*g - 1 + 4*g + 2*g. Let d be v(-4). Determine u(d).
-9
Suppose -4*z = -3*k - 401, 4*k + 2*z + 167 + 375 = 0. Let y be (-4)/28 + k/35. Let s(f) = -2*f + 5. Give s(y).
13
Let c(w) be the third derivative of w**4/3 + 7*w**3/2 - 17*w**2 - 36*w. Calculate c(4).
53
Let j(h) = -h. Let b be j(-11). Suppose 5*p = p + 12. Let n(c) = -c + c**p + 8 + 8 + 4*c**2 - b. Give n(-4).
9
Let b(a) = -a**2 + 10*a - 12. Suppose -101 = -c + 4*t, 34 = -5*t + 9. Suppose g = c - 31. Let k = -42 + g. Determine b(k).
4
Let n(i) be the first derivative of -46*i**2 - 13*i - 9708. Give n(-1).
79
Let u(c) = c - 1. Let v(g) = -13*g + 16. Let p(h) = h - 4. Let k(x) = 2*p(x) + v(x). Let t(f) = -k(f) - 6*u(f). Determine t(3).
13
Let r(z) be the second derivative of -z**5/20 + 11*z**4/12 + z**3/3 - 4*z**2 + 7773*z. Give r(10).
112
Let p(d) = 2987*d + 50785. Let c be p(-17). Let n(h) be the first derivative of h**3/3 - 3*h**2 - 7*h - 1. What is n(c)?
-7
Let o be (-56)/26 + 2 + (-536)/(-104). Let x(k) = k + 0*k + 6*k - k - o*k - 9. Determine x(16).
7
Let p(i) be the first derivative of 5*i**3/2 - i**2/2 - 28*i + 43. Let w(m) be the first derivative of p(m). Determine w(1).
14
Let n(l) = -42*l - 10*l + 62*l + 9*l + 199. What is n(-11)?
-10
Let p(c) = -36*c - 7 - 15*c + 49*c. Let j be (-6 + 3)/(-6*3/(-30)). What is p(j)?
3
Let w(h) = 4*h**3 + 30*h**2 + 17*h + 26. Let r(m) = 6*m**3 + 61*m**2 + 34*m + 40. Let q(v) = -3*r(v) + 5*w(v). Calculate q(17).
10
Let x(b) = 19*b - 20. Let u(i) = -2*i + 3. Let y(z) = -6*u(z) - x(z). Let k(q) = -q + 3. Let m be k(0). What is y(m)?
-19
Let a(j) = j**3 - j**2 - 2*j + 2. Let z(q) = -q**2 + 45*q + 199. Let c be z(-4). Let h = 12 - 8. Suppose 0*x + c*x - h*b = 22, 16 = 2*x - 3*b. Give a(x).
2
Let y(z) = z**2 - 3*z - 11. Suppose d - 1 = x, 1 = 5*x + 6. Calculate y(d).
-11
Suppose 2*g + q - 8 = 0, 0 = g - 6*g + 2*q + 29. Let v(l) = 8*l**2 - 4*l**2 - l**3 - g + 4*l**2. Let f = -4045 + 4053. What is v(f)?
-5
Let w(c) = -9 + c**3 - 24*c**2 + 52*c**2 - 24*c**2 - 21*c. Let g be w(-7). Let n(r) = r + 6. Give n(g).
-3
Suppose -3*c = l + c + 2, -l - 3*c = 0. Let f(p) = -13*p**2 - 9*p + 20. Let b(w) = 11*w**2 + 8*w - 19. Let m(r) = l*b(r) + 5*f(r). Determine m(-5).
-4
Let d(f) = f**3 - f**2 - 2*f - 1. Suppose -3*s + 9 = 4*l - 3*l, s = 2. Suppose l*q - 16 = -5*q. What is d(q)?
-1
Let w(c) = 57 + 31*c**2 - 30*c**2 - 16 + 3*c + 7*c - 17. What is w(-7)?
3
Let p(g) = -8*g + 3. Let d(t) be the first derivative of 9*t**2/2 - 2*t - 56. Let r(y) = -2*d(y) - 3*p(y). What is r(-6)?
-41
Let i(v) be the second derivative of -1/6*v**3 + 2*v + 1/12*v**4 + 0 - 3/2*v**2. Suppose 0 = -o + 5*z + 20, 0 = 3*o - 5*o + 2*z + 8. What is i(o)?
-3
Let y(k) = -3*k**2 - 3. Let w = 3455 + -3451. Determine y(w).
-51
Let m = 17 + -27. Let t = -16 - m. Let z(l) = 5030*l**3 + l - 5*l**2 + 5027*l**3 + 5026*l**3 + 5030*l**3 - 20114*l**3 + 6*l + 9. What is z(t)?
3
Let s(b) = -11*b - 12*b + 9*b. Let m(d) = 12*d - 365. Let g be m(30). Let j be 5*((-18)/g - (-104)/(-26)). What is s(j)?
28
Let j(s) = 7*s**3 + 2*s**2 + 2*s + 1. Let g be 60/(-18)*-3*(-1 + 2). Suppose -7*o + 3 = g. Determine j(o).
-6
Let b(t) = -4*t + 22. Suppose 180 = -97*m - 693. What is b(m)?
58
Suppose 5*o - 593 - 897 = 0. Suppose -o = -2*f - 94. Let y(c) = 5 + c**2 + 50*c - 2*c**2 - f*c + 56*c. Determine y(4).
5
Let t(w) = -83*w - 70. Let a be t(-7). Let r = 517 - a. Let p(u) = 5 + 2*u**2 - 3 + 5*u - 3*u**2. Give p(r).
-4
Suppose 2*a + 83 - 81 = 0, -5*a = -4*j + 41. Let z(i) = i**2 - 8*i - 4. Calculate z(j).
5
Let h(t) = 24632*t + 24628*t - 242 - 49338*t. What is h(-3)?
-8
Let l(w) = 143 + 13 - 158 + 16 - w**2 - 4*w. Determine l(0).
14
Let u(g) = 10*g + 3 - 2*g**2 + 10*g**2 + 2 + g**3. Let w be (21/(-2))/(246/164). Calculate u(w).
-16
Let o = -3667 + 3671. Let v(w) = -12*w + 2. Determine v(o).
-46
Suppose 0 = -265*t + 1879 + 1301. Let q(s) = s**2 - 15*s + 43. Determine q(t).
7
Let i(t) be the second derivative of t**5/20 + 2*t**4/3 + 3*t**3/2 + 9*t**2/2 + t + 330. Determine i(-5).
39
Suppose 3*t - 3*j - 57 = 0, 4*t + 2*j - 41 = 5. Let k(n) = -n**3 + 15*n**2 - 14*n - 10. What is k(t)?
-10
Let u(w) = w**2 - w - 5. Suppose -r = 5*n - 22, -21 = -3*n - 118*r + 120*r. What is u(n)?
15
Suppose -9*g + 8 = -5*g. Suppose 3*a + 0 = -4*b + 2, -2*a = -g*b - 6. Let t(m) = -m**3 + 3*m**2 - 2. Determine t(a).
2
Let a = -25262 + 25263. Let l(r) = -4*r**2 + 10*r - 7. Determine l(a).
-1
Let j(t) = -5*t + 26. Let l be j(5). Let v(h) be the first derivative of 13*h**2/2 + h - 1518. Calculate v(l).
14
Let i(o) = -239*o + 764 + 478*o - 145*o - 171*o + 241. Calculate i(13).
4
Let g(x) = 7*x + 5. Let q(o) = -13*o - 10. Let d(s) = -11*g(s) - 6*q(s). Suppose b + 2*k + 1 = -1, 5*b = -4*k - 22. What is d(b)?
-1
Let x(r) = 4 + 6 - 5*r + 15*r + r**2 + 6*r. Suppose -b + 25 = -2*c, 4*c - 5*b = 5*c + 40. Calculate x(c).
-5
Let g(j) = -4*j + 1. Let i be g(1). Let x(z) = 506*z - 1. Let y(c) = 434*c - 1. Let q(r) = -6*x(r) + 7*y(r). Determine q(i).
-7
Let z = -4889 + 4890. Let o(h) = -88*h**3 + h**2 - 5*h + 4. What is o(z)?
-88
Suppose 0 = 18*q - 16298 + 16424. Let w(x) = -x**2 - 22*x - 106. Calculate w(q).
-1
Let c(l) = -l**3 + 12*l**2 - 20*l + 7. Suppose 4*b = b + 8*b. Suppose 18 = w - 14*g + 12*g, -4*g - 16 = b. Calculate c(w).
7
Let y = 20884 + -20884. Let i(w) be the second derivative of 12*w - 1/6*w**3 + 0*w**2 + y. Determine i(-7).
7
Let i(p) = p**2 + 5*p + 1. Let y be (-41)/(-13) - (5 - (-315)/(-65)). Let q be (-27)/(y - 0)*12/(-18). Suppose -8*f + 10*f = -q. Give i(f).
-5
Suppose -216*z + 219*z - 3 = 0, -4*z = -5*u + 16. Let v(a) be the first derivative of 7/3*a**3 - 2 - 1/4*a**u - 7/2*a**2 - a. What is v(5)?
14
Let d(r) = -4*r - 212 - 4*r**2 + 106 + 111 + 5*r**2. Calculate d(-5).
50
Let r be ((-20)/(-50))/(1/10). Let f(z) be the second derivative of 18*z + 0 - 1/12*z**4 - 2*z**2 + 1/6*z**3. Determine f(r).
-16
Let a(m) = m**3 + m - 3. Suppose -4*f + 0*k = -k + 13, 3*f = -3*k - 21. Let i(z) = -z**2 + 3*z + 31. Let u be i(f). Determine a(u).
27
Suppose 768*h - 1294 = 1010. Let g(q) = 3*q*